{"id":534,"date":"2023-05-18T00:22:50","date_gmt":"2023-05-18T03:22:50","guid":{"rendered":"https:\/\/festimel.com.br\/?page_id=534"},"modified":"2023-05-18T01:15:48","modified_gmt":"2023-05-18T04:15:48","slug":"rallye-do-mel","status":"publish","type":"page","link":"https:\/\/festimel.com.br\/index.php\/rallye-do-mel\/","title":{"rendered":"Rallye do Mel"},"content":{"rendered":"\t\t<div data-elementor-type=\"wp-page\" data-elementor-id=\"534\" class=\"elementor elementor-534\">\n\t\t\t\t\t\t\t\t\t<section class=\"elementor-section elementor-top-section elementor-element elementor-element-f3d8dc9 elementor-section-boxed elementor-section-height-default elementor-section-height-default\" data-id=\"f3d8dc9\" data-element_type=\"section\" data-settings=\"{&quot;background_background&quot;:&quot;classic&quot;}\">\n\t\t\t\t\t\t<div class=\"elementor-container elementor-column-gap-default\">\n\t\t\t\t\t<div class=\"elementor-column elementor-col-100 elementor-top-column elementor-element elementor-element-e27fc45\" data-id=\"e27fc45\" data-element_type=\"column\">\n\t\t\t<div class=\"elementor-widget-wrap elementor-element-populated\">\n\t\t\t\t\t\t\t\t<div class=\"elementor-element elementor-element-8fed41b elementor-widget elementor-widget-heading\" data-id=\"8fed41b\" data-element_type=\"widget\" data-widget_type=\"heading.default\">\n\t\t\t\t<div class=\"elementor-widget-container\">\n\t\t\t<style>\/*! elementor - v3.13.2 - 11-05-2023 *\/\n.elementor-heading-title{padding:0;margin:0;line-height:1}.elementor-widget-heading .elementor-heading-title[class*=elementor-size-]>a{color:inherit;font-size:inherit;line-height:inherit}.elementor-widget-heading .elementor-heading-title.elementor-size-small{font-size:15px}.elementor-widget-heading .elementor-heading-title.elementor-size-medium{font-size:19px}.elementor-widget-heading .elementor-heading-title.elementor-size-large{font-size:29px}.elementor-widget-heading .elementor-heading-title.elementor-size-xl{font-size:39px}.elementor-widget-heading .elementor-heading-title.elementor-size-xxl{font-size:59px}<\/style><h1 class=\"elementor-heading-title elementor-size-default\">RALLYE DO MEL<\/h1>\t\t<\/div>\n\t\t\t\t<\/div>\n\t\t\t\t\t<\/div>\n\t\t<\/div>\n\t\t\t\t\t\t\t<\/div>\n\t\t<\/section>\n\t\t\t\t<section class=\"elementor-section elementor-top-section elementor-element elementor-element-e48a828 elementor-section-height-min-height elementor-section-boxed elementor-section-height-default elementor-section-items-middle\" data-id=\"e48a828\" data-element_type=\"section\">\n\t\t\t\t\t\t<div class=\"elementor-container elementor-column-gap-default\">\n\t\t\t\t\t<div class=\"elementor-column elementor-col-100 elementor-top-column elementor-element elementor-element-75afff4\" data-id=\"75afff4\" data-element_type=\"column\">\n\t\t\t<div class=\"elementor-widget-wrap elementor-element-populated\">\n\t\t\t\t\t\t\t\t<div class=\"elementor-element elementor-element-d81fcda elementor-position-top elementor-vertical-align-top elementor-widget elementor-widget-image-box\" data-id=\"d81fcda\" data-element_type=\"widget\" data-widget_type=\"image-box.default\">\n\t\t\t\t<div class=\"elementor-widget-container\">\n\t\t\t<style>\/*! elementor - v3.13.2 - 11-05-2023 *\/\n.elementor-widget-image-box .elementor-image-box-content{width:100%}@media (min-width:768px){.elementor-widget-image-box.elementor-position-left .elementor-image-box-wrapper,.elementor-widget-image-box.elementor-position-right .elementor-image-box-wrapper{display:flex}.elementor-widget-image-box.elementor-position-right .elementor-image-box-wrapper{text-align:right;flex-direction:row-reverse}.elementor-widget-image-box.elementor-position-left .elementor-image-box-wrapper{text-align:left;flex-direction:row}.elementor-widget-image-box.elementor-position-top .elementor-image-box-img{margin:auto}.elementor-widget-image-box.elementor-vertical-align-top .elementor-image-box-wrapper{align-items:flex-start}.elementor-widget-image-box.elementor-vertical-align-middle .elementor-image-box-wrapper{align-items:center}.elementor-widget-image-box.elementor-vertical-align-bottom .elementor-image-box-wrapper{align-items:flex-end}}@media (max-width:767px){.elementor-widget-image-box .elementor-image-box-img{margin-left:auto!important;margin-right:auto!important;margin-bottom:15px}}.elementor-widget-image-box .elementor-image-box-img{display:inline-block}.elementor-widget-image-box .elementor-image-box-title a{color:inherit}.elementor-widget-image-box .elementor-image-box-wrapper{text-align:center}.elementor-widget-image-box .elementor-image-box-description{margin:0}<\/style><div class=\"elementor-image-box-wrapper\"><div class=\"elementor-image-box-content\"><h1 class=\"elementor-image-box-title\">Rallye do Mel \u2013 2\u00aa Etapa da V Copa Ga\u00facha <br>de Rally de Regularidade Hist\u00f3rica<\/h1><p class=\"elementor-image-box-description\"><br>Local: BALNE\u00c1RIO PINHAL - CIDREIRA \u2013 RIO GRANDE DO SUL \u2013 BRASIL<br>\nData: 27 de maio de 2023<br>\n<br>FICHA DE INSCRI\u00c7\u00c3O:<br>\n1. Preencher a ficha de inscri\u00e7\u00e3o e enviar para o e-mail\ncprallye1969@gmail.com.<br>\nObs.: A ficha poder\u00e1 ser preenchida com escrita \u00e0 m\u00e3o, escaneada e enviada. Quem\ntiver o conversor de PDF-&gt;Excel poder\u00e1 fazer o preenchimento digital.\nAp\u00f3s a confirma\u00e7\u00e3o ser\u00e1 enviado um recibo de confirma\u00e7\u00e3o da inscri\u00e7\u00e3o.<br>\n2. Efetuar o pagamento conforme a categoria e enviar comprovante para o\nmesmo e-mail.<br>\n<br>CATEGORIAS:<br>\nCl\u00e1ssicos I: fabricados at\u00e9 1970 -&gt; R$ 510,00<br>\nCl\u00e1ssicos II: fabricados entre 1971 e 1993. -&gt; R$ 510,00<br>\nCategoria PRO: Carros Cl\u00e1ssicos fabricados at\u00e9 1993 -&gt; R$ 510,00<br>\nCategoria APP: Carros Cl\u00e1ssicos fabricados at\u00e9 1993 -&gt; R$ 510,00<br>\nCategoria Turismo: Categoria Livre para novatos -&gt; R$ 410,00<br>\nObs.: Os s\u00f3cios do Clube Porto Alegre de Rallye, em dia com sua anuidade, ter\u00e3o\nde 20% no valor da inscri\u00e7\u00e3o.<br>\n<br>ATEN\u00c7\u00c3O:<br> Antes da largada da prova dever\u00e1 ser entregue uma cesta b\u00e1sica,\nconforme o que determina no RPP da prova.<br><br>\nDemais esclarecimento atrav\u00e9s do WhatsApp (51) 984042449 (Fernando)\nDire\u00e7\u00e3o da prova.<\/p><\/div><\/div>\t\t<\/div>\n\t\t\t\t<\/div>\n\t\t\t\t<section class=\"elementor-section elementor-inner-section elementor-element elementor-element-33d775b elementor-section-boxed elementor-section-height-default elementor-section-height-default\" data-id=\"33d775b\" data-element_type=\"section\">\n\t\t\t\t\t\t<div class=\"elementor-container elementor-column-gap-default\">\n\t\t\t\t\t<div class=\"elementor-column elementor-col-33 elementor-inner-column elementor-element elementor-element-e551bd2\" data-id=\"e551bd2\" data-element_type=\"column\">\n\t\t\t<div class=\"elementor-widget-wrap elementor-element-populated\">\n\t\t\t\t\t\t\t\t<div class=\"elementor-element elementor-element-6b7d50a elementor-align-center elementor-widget elementor-widget-button\" data-id=\"6b7d50a\" data-element_type=\"widget\" data-widget_type=\"button.default\">\n\t\t\t\t<div class=\"elementor-widget-container\">\n\t\t\t\t\t<div class=\"elementor-button-wrapper\">\n\t\t\t<a href=\"http:\/\/festimel.com.br\/wp-content\/uploads\/2023\/05\/RPP-RALLYE-DO-MEL-2023.pdf\" target=\"_blank\" class=\"elementor-button-link elementor-button elementor-size-md\" role=\"button\">\n\t\t\t\t\t\t<span class=\"elementor-button-content-wrapper\">\n\t\t\t\t\t\t<span class=\"elementor-button-text\">Regulamento Rallye do Mel - 2023<\/span>\n\t\t<\/span>\n\t\t\t\t\t<\/a>\n\t\t<\/div>\n\t\t\t\t<\/div>\n\t\t\t\t<\/div>\n\t\t\t\t\t<\/div>\n\t\t<\/div>\n\t\t\t\t<div class=\"elementor-column elementor-col-33 elementor-inner-column elementor-element elementor-element-4df34d6\" data-id=\"4df34d6\" data-element_type=\"column\">\n\t\t\t<div class=\"elementor-widget-wrap elementor-element-populated\">\n\t\t\t\t\t\t\t\t<div class=\"elementor-element elementor-element-be041c4 elementor-widget elementor-widget-image\" data-id=\"be041c4\" data-element_type=\"widget\" data-widget_type=\"image.default\">\n\t\t\t\t<div class=\"elementor-widget-container\">\n\t\t\t<style>\/*! elementor - v3.13.2 - 11-05-2023 *\/\n.elementor-widget-image{text-align:center}.elementor-widget-image a{display:inline-block}.elementor-widget-image a img[src$=\".svg\"]{width:48px}.elementor-widget-image img{vertical-align:middle;display:inline-block}<\/style>\t\t\t\t\t\t\t\t\t\t\t\t<img decoding=\"async\" width=\"300\" height=\"215\" src=\"https:\/\/festimel.com.br\/wp-content\/uploads\/2023\/05\/rallye-01-300x215.png\" class=\"attachment-medium size-medium wp-image-546\" alt=\"\" loading=\"lazy\" srcset=\"https:\/\/festimel.com.br\/wp-content\/uploads\/2023\/05\/rallye-01-300x215.png 300w, https:\/\/festimel.com.br\/wp-content\/uploads\/2023\/05\/rallye-01-1024x733.png 1024w, https:\/\/festimel.com.br\/wp-content\/uploads\/2023\/05\/rallye-01-768x550.png 768w, https:\/\/festimel.com.br\/wp-content\/uploads\/2023\/05\/rallye-01-1536x1100.png 1536w, https:\/\/festimel.com.br\/wp-content\/uploads\/2023\/05\/rallye-01-2048x1466.png 2048w\" sizes=\"(max-width: 300px) 100vw, 300px\" \/>\t\t\t\t\t\t\t\t\t\t\t\t\t\t\t<\/div>\n\t\t\t\t<\/div>\n\t\t\t\t\t<\/div>\n\t\t<\/div>\n\t\t\t\t<div class=\"elementor-column elementor-col-33 elementor-inner-column elementor-element elementor-element-7b32f55\" data-id=\"7b32f55\" data-element_type=\"column\">\n\t\t\t<div class=\"elementor-widget-wrap elementor-element-populated\">\n\t\t\t\t\t\t\t\t<div class=\"elementor-element elementor-element-9341bfb elementor-align-center elementor-widget elementor-widget-button\" data-id=\"9341bfb\" data-element_type=\"widget\" data-widget_type=\"button.default\">\n\t\t\t\t<div class=\"elementor-widget-container\">\n\t\t\t\t\t<div class=\"elementor-button-wrapper\">\n\t\t\t<a href=\"http:\/\/festimel.com.br\/wp-content\/uploads\/2023\/05\/Ficha-de-Inscricao-Rallye-do-Mel.pdf\" target=\"_blank\" class=\"elementor-button-link elementor-button elementor-size-md\" role=\"button\">\n\t\t\t\t\t\t<span class=\"elementor-button-content-wrapper\">\n\t\t\t\t\t\t<span class=\"elementor-button-text\">Ficha de Inscri\u00e7\u00e3o - 2023<\/span>\n\t\t<\/span>\n\t\t\t\t\t<\/a>\n\t\t<\/div>\n\t\t\t\t<\/div>\n\t\t\t\t<\/div>\n\t\t\t\t\t<\/div>\n\t\t<\/div>\n\t\t\t\t\t\t\t<\/div>\n\t\t<\/section>\n\t\t\t\t<div class=\"elementor-element elementor-element-16db454 elementor-widget elementor-widget-google_maps\" data-id=\"16db454\" data-element_type=\"widget\" data-widget_type=\"google_maps.default\">\n\t\t\t\t<div class=\"elementor-widget-container\">\n\t\t\t<style>\/*! elementor - v3.13.2 - 11-05-2023 *\/\n.elementor-widget-google_maps .elementor-widget-container{overflow:hidden}.elementor-widget-google_maps .elementor-custom-embed{line-height:0}.elementor-widget-google_maps iframe{height:300px}<\/style>\t\t<div class=\"elementor-custom-embed\">\n\t\t\t<iframe loading=\"lazy\"\n\t\t\t\t\tsrc=\"https:\/\/maps.google.com\/maps?q=parque%20do%20cidad%C3%A3o%20-%20Balne%C3%A1rio%20Pinhal%2C%20RS%2C%2095599-000&#038;t=m&#038;z=17&#038;output=embed&#038;iwloc=near\"\n\t\t\t\t\ttitle=\"parque do cidad\u00e3o - Balne\u00e1rio Pinhal, RS, 95599-000\"\n\t\t\t\t\taria-label=\"parque do cidad\u00e3o - Balne\u00e1rio Pinhal, RS, 95599-000\"\n\t\t\t><\/iframe>\n\t\t<\/div>\n\t\t\t\t<\/div>\n\t\t\t\t<\/div>\n\t\t\t\t\t<\/div>\n\t\t<\/div>\n\t\t\t\t\t\t\t<\/div>\n\t\t<\/section>\n\t\t\t\t\t\t\t<\/div>\n\t\t","protected":false},"excerpt":{"rendered":"<p>RALLYE DO MEL Rallye do Mel \u2013 2\u00aa Etapa da V Copa Ga\u00facha de Rally de Regularidade Hist\u00f3rica Local: BALNE\u00c1RIO PINHAL &#8211; CIDREIRA \u2013 RIO GRANDE DO SUL \u2013 BRASIL Data: 27 de maio de 2023 FICHA DE INSCRI\u00c7\u00c3O: 1. Preencher a ficha de inscri\u00e7\u00e3o e enviar para o e-mail cprallye1969@gmail.com. Obs.: A ficha poder\u00e1 &hellip;<\/p>\n<p class=\"read-more\"> <a class=\"\" href=\"https:\/\/festimel.com.br\/index.php\/rallye-do-mel\/\"> <span class=\"screen-reader-text\">Rallye do Mel<\/span> Leia mais &raquo;<\/a><\/p>\n","protected":false},"author":1,"featured_media":0,"parent":0,"menu_order":0,"comment_status":"closed","ping_status":"closed","template":"","meta":{"_uag_custom_page_level_css":"","site-sidebar-layout":"no-sidebar","site-content-layout":"page-builder","ast-global-header-display":"","ast-main-header-display":"","ast-hfb-above-header-display":"","ast-hfb-below-header-display":"","ast-hfb-mobile-header-display":"","site-post-title":"disabled","ast-breadcrumbs-content":"","ast-featured-img":"disabled","footer-sml-layout":"","theme-transparent-header-meta":"","adv-header-id-meta":"","stick-header-meta":"","header-above-stick-meta":"","header-main-stick-meta":"","header-below-stick-meta":""},"uagb_featured_image_src":{"full":false,"thumbnail":false,"medium":false,"medium_large":false,"large":false,"1536x1536":false,"2048x2048":false},"uagb_author_info":{"display_name":"gmail.com","author_link":"https:\/\/festimel.com.br\/index.php\/author\/gmail-com\/"},"uagb_comment_info":0,"uagb_excerpt":"RALLYE DO MEL Rallye do Mel \u2013 2\u00aa Etapa da V Copa Ga\u00facha de Rally de Regularidade Hist\u00f3rica Local: BALNE\u00c1RIO PINHAL &#8211; CIDREIRA \u2013 RIO GRANDE DO SUL \u2013 BRASIL Data: 27 de maio de 2023 FICHA DE INSCRI\u00c7\u00c3O: 1. Preencher a ficha de inscri\u00e7\u00e3o e enviar para o e-mail cprallye1969@gmail.com. Obs.: A ficha poder\u00e1&hellip;","_links":{"self":[{"href":"https:\/\/festimel.com.br\/index.php\/wp-json\/wp\/v2\/pages\/534"}],"collection":[{"href":"https:\/\/festimel.com.br\/index.php\/wp-json\/wp\/v2\/pages"}],"about":[{"href":"https:\/\/festimel.com.br\/index.php\/wp-json\/wp\/v2\/types\/page"}],"author":[{"embeddable":true,"href":"https:\/\/festimel.com.br\/index.php\/wp-json\/wp\/v2\/users\/1"}],"replies":[{"embeddable":true,"href":"https:\/\/festimel.com.br\/index.php\/wp-json\/wp\/v2\/comments?post=534"}],"version-history":[{"count":16,"href":"https:\/\/festimel.com.br\/index.php\/wp-json\/wp\/v2\/pages\/534\/revisions"}],"predecessor-version":[{"id":556,"href":"https:\/\/festimel.com.br\/index.php\/wp-json\/wp\/v2\/pages\/534\/revisions\/556"}],"wp:attachment":[{"href":"https:\/\/festimel.com.br\/index.php\/wp-json\/wp\/v2\/media?parent=534"}],"curies":[{"name":"wp","href":"https:\/\/api.w.org\/{rel}","templated":true}]}}