{"id":64,"date":"2023-04-09T22:14:09","date_gmt":"2023-04-10T01:14:09","guid":{"rendered":"https:\/\/festimel.com.br\/?page_id=64"},"modified":"2023-05-21T17:42:01","modified_gmt":"2023-05-21T20:42:01","slug":"noticias","status":"publish","type":"page","link":"https:\/\/festimel.com.br\/index.php\/noticias\/","title":{"rendered":"Not\u00edcias"},"content":{"rendered":"\t\t<div data-elementor-type=\"wp-page\" data-elementor-id=\"64\" class=\"elementor elementor-64\">\n\t\t\t\t\t\t\t\t\t<section class=\"elementor-section elementor-top-section elementor-element elementor-element-17968d2 elementor-section-height-min-height elementor-section-boxed elementor-section-height-default elementor-section-items-middle\" data-id=\"17968d2\" data-element_type=\"section\" data-settings=\"{&quot;background_background&quot;:&quot;classic&quot;}\">\n\t\t\t\t\t\t<div class=\"elementor-container elementor-column-gap-no\">\n\t\t\t\t\t<div class=\"elementor-column elementor-col-100 elementor-top-column elementor-element elementor-element-f3ccccd\" data-id=\"f3ccccd\" data-element_type=\"column\">\n\t\t\t<div class=\"elementor-widget-wrap elementor-element-populated\">\n\t\t\t\t\t\t\t\t<div class=\"elementor-element elementor-element-5333f2b elementor-widget elementor-widget-heading\" data-id=\"5333f2b\" data-element_type=\"widget\" data-widget_type=\"heading.default\">\n\t\t\t\t<div class=\"elementor-widget-container\">\n\t\t\t<style>\/*! elementor - v3.13.2 - 11-05-2023 *\/\n.elementor-heading-title{padding:0;margin:0;line-height:1}.elementor-widget-heading .elementor-heading-title[class*=elementor-size-]>a{color:inherit;font-size:inherit;line-height:inherit}.elementor-widget-heading .elementor-heading-title.elementor-size-small{font-size:15px}.elementor-widget-heading .elementor-heading-title.elementor-size-medium{font-size:19px}.elementor-widget-heading .elementor-heading-title.elementor-size-large{font-size:29px}.elementor-widget-heading .elementor-heading-title.elementor-size-xl{font-size:39px}.elementor-widget-heading .elementor-heading-title.elementor-size-xxl{font-size:59px}<\/style><h1 class=\"elementor-heading-title elementor-size-default\">NOT\u00cdCIAS<\/h1>\t\t<\/div>\n\t\t\t\t<\/div>\n\t\t\t\t\t<\/div>\n\t\t<\/div>\n\t\t\t\t\t\t\t<\/div>\n\t\t<\/section>\n\t\t\t\t<section class=\"elementor-section elementor-top-section elementor-element elementor-element-269d99c elementor-section-boxed elementor-section-height-default elementor-section-height-default\" data-id=\"269d99c\" data-element_type=\"section\">\n\t\t\t\t\t\t<div class=\"elementor-container elementor-column-gap-default\">\n\t\t\t\t\t<div class=\"elementor-column elementor-col-100 elementor-top-column elementor-element elementor-element-64e809f\" data-id=\"64e809f\" data-element_type=\"column\">\n\t\t\t<div class=\"elementor-widget-wrap elementor-element-populated\">\n\t\t\t\t\t\t\t\t<div class=\"elementor-element elementor-element-ca416bf elementor-widget__width-initial elementor-widget elementor-widget-elementskit-blog-posts\" data-id=\"ca416bf\" data-element_type=\"widget\" data-widget_type=\"elementskit-blog-posts.default\">\n\t\t\t\t<div class=\"elementor-widget-container\">\n\t\t\t<div class=\"ekit-wid-con\" >        <div id=\"post-items--ca416bf\" class=\"row post-items\">\n                    <div class=\"col-lg-4 col-md-6\">\n\n                                    <div class=\"elementskit-post-image-card\">\n                        <div class=\"elementskit-entry-header\">\n                            \n                            \n\t\t\t\t\t\t\t\t\t\t\t\t\t<\/div><!-- .elementskit-entry-header END -->\n\n\t\t\t\t\t\t<div class=\"elementskit-post-body \">\n\t\t\t\t\t\t\t\n\t\t\t\t\t\t\t\t\t\t\t\t\t\t\t\t\t\t\t\t\t\t\t\t\t\n\t\t\t\t\t\t\t\t\n\t\t\t\t\t\t\t\t\t\t\t\t\t\t\t\t\t\t\t\t\t<h2 class=\"entry-title\">\n\t\t\t\t\t<a href=\"https:\/\/festimel.com.br\/index.php\/2023\/05\/21\/passeio-ciclistico-solidario-mobiliza-atletas-e-comunidade\/\">\n\t\t\t\t\t\tPasseio cicl\u00edstico solid\u00e1rio mobiliza atletas e comunidade\t\t\t\t\t<\/a>\n\t\t\t\t<\/h2>\n\t\t\t\t\t\t\t\t\t\t\t\t\t\t\t\t\t\t\t\t\t\t\t\t\t\t\t\t\t\t\t\t\t\t\t\t\t\t\t\t\t\t<p>Passeio cicl\u00edstico solid\u00e1rio mobiliza atletas e comunidade &nbsp; &nbsp; &nbsp; A manh\u00e3 de domingo (21) foi marcada por atividades esportivas que integram a programa\u00e7\u00e3o do 6\u00ba Festimel. Na ocasi\u00e3o, o Passeio Cicl\u00edstico Solid\u00e1rio, promovido pela Secretaria Municipal de Esportes, grupo Pinhal Bike Team e Cia das Bikes, com o apoio da Prefeitura Municipal, contou com &hellip;<\/p>\n<p class=\"read-more\"> <a class=\"\" href=\"https:\/\/festimel.com.br\/index.php\/2023\/05\/21\/passeio-ciclistico-solidario-mobiliza-atletas-e-comunidade\/\"> <span class=\"screen-reader-text\">Passeio cicl\u00edstico solid\u00e1rio mobiliza atletas e comunidade<\/span> Leia mais &raquo;<\/a><\/p>\n\t\t\t\t\t\t\t\t\t\t\t\t\t\t\t\t\t\t\t\t\t\t                                                            <div class=\"btn-wraper\">\n                                    \n                                                                            <a href=\"https:\/\/festimel.com.br\/index.php\/2023\/05\/21\/passeio-ciclistico-solidario-mobiliza-atletas-e-comunidade\/\" class=\"elementskit-btn  whitespace--normal\" >\n                                                                                    Saiba mais                                        <\/a>\n                                                                    <\/div>\n                                                    <\/div><!-- .elementskit-post-body END -->\n                    <\/div>\n                \n            <\/div>\n                    <div class=\"col-lg-4 col-md-6\">\n\n                                    <div class=\"elementskit-post-image-card\">\n                        <div class=\"elementskit-entry-header\">\n                            \n                            \n\t\t\t\t\t\t\t\t\t\t\t\t\t<\/div><!-- .elementskit-entry-header END -->\n\n\t\t\t\t\t\t<div class=\"elementskit-post-body \">\n\t\t\t\t\t\t\t\n\t\t\t\t\t\t\t\t\t\t\t\t\t\t\t\t\t\t\t\t\t\t\t\t\t\n\t\t\t\t\t\t\t\t\n\t\t\t\t\t\t\t\t\t\t\t\t\t\t\t\t\t\t\t\t\t<h2 class=\"entry-title\">\n\t\t\t\t\t<a href=\"https:\/\/festimel.com.br\/index.php\/2023\/05\/21\/desfiles-tematicos-contam-a-historia-do-mel-na-avenida\/\">\n\t\t\t\t\t\tDesfiles Tem\u00e1ticos contam a hist\u00f3ria do mel na avenida\t\t\t\t\t<\/a>\n\t\t\t\t<\/h2>\n\t\t\t\t\t\t\t\t\t\t\t\t\t\t\t\t\t\t\t\t\t\t\t\t\t\t\t\t\t\t\t\t\t\t\t\t\t\t\t\t\t\t<p>Desfiles Tem\u00e1ticos contam a hist\u00f3ria do mel na avenida\u200b O mel sempre foi utilizado como alimento pelo homem, obtido inicialmente de forma extrativa e, muitas vezes, de maneira danosa \u00e0s colmeias. Com o passar dos s\u00e9culos, o homem aprendeu a capturar enxames e instal\u00e1-los em &#8220;colmeias artificiais&#8221;. Por meio do desenvolvimento e aprimoramento das t\u00e9cnicas &hellip;<\/p>\n<p class=\"read-more\"> <a class=\"\" href=\"https:\/\/festimel.com.br\/index.php\/2023\/05\/21\/desfiles-tematicos-contam-a-historia-do-mel-na-avenida\/\"> <span class=\"screen-reader-text\">Desfiles Tem\u00e1ticos contam a hist\u00f3ria do mel na avenida<\/span> Leia mais &raquo;<\/a><\/p>\n\t\t\t\t\t\t\t\t\t\t\t\t\t\t\t\t\t\t\t\t\t\t                                                            <div class=\"btn-wraper\">\n                                    \n                                                                            <a href=\"https:\/\/festimel.com.br\/index.php\/2023\/05\/21\/desfiles-tematicos-contam-a-historia-do-mel-na-avenida\/\" class=\"elementskit-btn  whitespace--normal\" >\n                                                                                    Saiba mais                                        <\/a>\n                                                                    <\/div>\n                                                    <\/div><!-- .elementskit-post-body END -->\n                    <\/div>\n                \n            <\/div>\n                    <div class=\"col-lg-4 col-md-6\">\n\n                                    <div class=\"elementskit-post-image-card\">\n                        <div class=\"elementskit-entry-header\">\n                            \n                            \n\t\t\t\t\t\t\t\t\t\t\t\t\t<\/div><!-- .elementskit-entry-header END -->\n\n\t\t\t\t\t\t<div class=\"elementskit-post-body \">\n\t\t\t\t\t\t\t\n\t\t\t\t\t\t\t\t\t\t\t\t\t\t\t\t\t\t\t\t\t\t\t\t\t\n\t\t\t\t\t\t\t\t\n\t\t\t\t\t\t\t\t\t\t\t\t\t\t\t\t\t\t\t\t\t<h2 class=\"entry-title\">\n\t\t\t\t\t<a href=\"https:\/\/festimel.com.br\/index.php\/2023\/05\/21\/primeiros-dias-de-festimel-encantam-o-publico\/\">\n\t\t\t\t\t\tPrimeiros dias de FESTIMEL encantam o p\u00fablico!\t\t\t\t\t<\/a>\n\t\t\t\t<\/h2>\n\t\t\t\t\t\t\t\t\t\t\t\t\t\t\t\t\t\t\t\t\t\t\t\t\t\t\t\t\t\t\t\t\t\t\t\t\t\t\t\t\t\t<p>Primeiros dias de FESTIMEL encantam o p\u00fablico! &nbsp; &nbsp; &nbsp;Os dois primeiros dias de Festimel foram repletos de emo\u00e7\u00e3o. Desde a abertura dos port\u00f5es, pontualmente \u00e0s 19 horas da sexta-feira, 19 de maio, milhares de pessoas visitaram o Parque do Cidad\u00e3o, em Balne\u00e1rio Pinhal. S\u00f3 na primeira noite foram mais de 1500 pagantes. &nbsp; &nbsp; &hellip;<\/p>\n<p class=\"read-more\"> <a class=\"\" href=\"https:\/\/festimel.com.br\/index.php\/2023\/05\/21\/primeiros-dias-de-festimel-encantam-o-publico\/\"> <span class=\"screen-reader-text\">Primeiros dias de FESTIMEL encantam o p\u00fablico!<\/span> Leia mais &raquo;<\/a><\/p>\n\t\t\t\t\t\t\t\t\t\t\t\t\t\t\t\t\t\t\t\t\t\t                                                            <div class=\"btn-wraper\">\n                                    \n                                                                            <a href=\"https:\/\/festimel.com.br\/index.php\/2023\/05\/21\/primeiros-dias-de-festimel-encantam-o-publico\/\" class=\"elementskit-btn  whitespace--normal\" >\n                                                                                    Saiba mais                                        <\/a>\n                                                                    <\/div>\n                                                    <\/div><!-- .elementskit-post-body END -->\n                    <\/div>\n                \n            <\/div>\n                    <div class=\"col-lg-4 col-md-6\">\n\n                                    <div class=\"elementskit-post-image-card\">\n                        <div class=\"elementskit-entry-header\">\n                            \n                            \n\t\t\t\t\t\t\t\t\t\t\t\t\t<\/div><!-- .elementskit-entry-header END -->\n\n\t\t\t\t\t\t<div class=\"elementskit-post-body \">\n\t\t\t\t\t\t\t\n\t\t\t\t\t\t\t\t\t\t\t\t\t\t\t\t\t\t\t\t\t\t\t\t\t\n\t\t\t\t\t\t\t\t\n\t\t\t\t\t\t\t\t\t\t\t\t\t\t\t\t\t\t\t\t\t<h2 class=\"entry-title\">\n\t\t\t\t\t<a href=\"https:\/\/festimel.com.br\/index.php\/2023\/05\/20\/abertura-do-6o-festimel-19-05-23\/\">\n\t\t\t\t\t\tAbertura do 6\u00ba Festimel &#8211; 19.05.23\t\t\t\t\t<\/a>\n\t\t\t\t<\/h2>\n\t\t\t\t\t\t\t\t\t\t\t\t\t\t\t\t\t\t\t\t\t\t\t\t\t\t\t\t\t\t\t\t\t\t\t\t\t\t\t\t\t\t<p>Abertura do 6\u00ba Festimel &#8211; 19.05.23 O 6\u00ba Festimel abriu seus port\u00f5es \u00e0 comunidade pontualmente \u00e0s 19 horas desta sexta-feira, 19 de maio. J\u00e1 na chegada, os visitantes puderam se encantar com a decora\u00e7\u00e3o tem\u00e1tica preparada para a festa. A beleza da ambienta\u00e7\u00e3o \u00e9 complementada por d\u00fazias de abelhinhas de todos os tipos que podem &hellip;<\/p>\n<p class=\"read-more\"> <a class=\"\" href=\"https:\/\/festimel.com.br\/index.php\/2023\/05\/20\/abertura-do-6o-festimel-19-05-23\/\"> <span class=\"screen-reader-text\">Abertura do 6\u00ba Festimel &#8211; 19.05.23<\/span> Leia mais &raquo;<\/a><\/p>\n\t\t\t\t\t\t\t\t\t\t\t\t\t\t\t\t\t\t\t\t\t\t                                                            <div class=\"btn-wraper\">\n                                    \n                                                                            <a href=\"https:\/\/festimel.com.br\/index.php\/2023\/05\/20\/abertura-do-6o-festimel-19-05-23\/\" class=\"elementskit-btn  whitespace--normal\" >\n                                                                                    Saiba mais                                        <\/a>\n                                                                    <\/div>\n                                                    <\/div><!-- .elementskit-post-body END -->\n                    <\/div>\n                \n            <\/div>\n                    <div class=\"col-lg-4 col-md-6\">\n\n                                    <div class=\"elementskit-post-image-card\">\n                        <div class=\"elementskit-entry-header\">\n                            \n                            \n\t\t\t\t\t\t\t\t\t\t\t\t\t<\/div><!-- .elementskit-entry-header END -->\n\n\t\t\t\t\t\t<div class=\"elementskit-post-body \">\n\t\t\t\t\t\t\t\n\t\t\t\t\t\t\t\t\t\t\t\t\t\t\t\t\t\t\t\t\t\t\t\t\t\n\t\t\t\t\t\t\t\t\n\t\t\t\t\t\t\t\t\t\t\t\t\t\t\t\t\t\t\t\t\t<h2 class=\"entry-title\">\n\t\t\t\t\t<a href=\"https:\/\/festimel.com.br\/index.php\/2023\/05\/01\/shows-confirmados\/\">\n\t\t\t\t\t\tShows confirmados\t\t\t\t\t<\/a>\n\t\t\t\t<\/h2>\n\t\t\t\t\t\t\t\t\t\t\t\t\t\t\t\t\t\t\t\t\t\t\t\t\t\t\t\t\t\t\t\t\t\t\t\t\t\t\t\t\t\t<p>SHOWS CONFIRMADOS Anterior Pr\u00f3ximo Com uma intensa agenda de shows e espet\u00e1culos, o 6\u00ba FESTIMEL conta com atra\u00e7\u00f5es locais e regionais, al\u00e9m de um show nacional. A programa\u00e7\u00e3o se estende de 19 a 28 de maio, no Parque do Cidad\u00e3o, em frente \u00e0 Prefeitura Municipal, em Balne\u00e1rio Pinhal. Os acessos\/dia s\u00e3o populares, custam apenas R$ &hellip;<\/p>\n<p class=\"read-more\"> <a class=\"\" href=\"https:\/\/festimel.com.br\/index.php\/2023\/05\/01\/shows-confirmados\/\"> <span class=\"screen-reader-text\">Shows confirmados<\/span> Leia mais &raquo;<\/a><\/p>\n\t\t\t\t\t\t\t\t\t\t\t\t\t\t\t\t\t\t\t\t\t\t                                                            <div class=\"btn-wraper\">\n                                    \n                                                                            <a href=\"https:\/\/festimel.com.br\/index.php\/2023\/05\/01\/shows-confirmados\/\" class=\"elementskit-btn  whitespace--normal\" >\n                                                                                    Saiba mais                                        <\/a>\n                                                                    <\/div>\n                                                    <\/div><!-- .elementskit-post-body END -->\n                    <\/div>\n                \n            <\/div>\n                <\/div>\n       <\/div>\t\t<\/div>\n\t\t\t\t<\/div>\n\t\t\t\t\t<\/div>\n\t\t<\/div>\n\t\t\t\t\t\t\t<\/div>\n\t\t<\/section>\n\t\t\t\t\t\t\t<\/div>\n\t\t","protected":false},"excerpt":{"rendered":"<p>NOT\u00cdCIAS Desfiles Tem\u00e1ticos contam a hist\u00f3ria do mel na avenida Desfiles Tem\u00e1ticos contam a hist\u00f3ria do mel na avenida\u200b O mel sempre foi utilizado como alimento pelo homem, obtido inicialmente de forma extrativa e, muitas vezes, de maneira danosa \u00e0s colmeias. Com o passar dos s\u00e9culos, o homem aprendeu a capturar enxames e instal\u00e1-los em &hellip;<\/p>\n<p class=\"read-more\"> <a class=\"\" href=\"https:\/\/festimel.com.br\/index.php\/2023\/05\/01\/shows-confirmados\/\"> <span class=\"screen-reader-text\">Shows confirmados<\/span> Leia mais &raquo;<\/a><\/p>\n","protected":false},"author":1,"featured_media":0,"parent":0,"menu_order":0,"comment_status":"closed","ping_status":"closed","template":"","meta":{"_uag_custom_page_level_css":"","site-sidebar-layout":"no-sidebar","site-content-layout":"page-builder","ast-global-header-display":"","ast-main-header-display":"","ast-hfb-above-header-display":"","ast-hfb-below-header-display":"","ast-hfb-mobile-header-display":"","site-post-title":"disabled","ast-breadcrumbs-content":"","ast-featured-img":"disabled","footer-sml-layout":"","theme-transparent-header-meta":"","adv-header-id-meta":"","stick-header-meta":"","header-above-stick-meta":"","header-main-stick-meta":"","header-below-stick-meta":""},"uagb_featured_image_src":{"full":false,"thumbnail":false,"medium":false,"medium_large":false,"large":false,"1536x1536":false,"2048x2048":false},"uagb_author_info":{"display_name":"gmail.com","author_link":"https:\/\/festimel.com.br\/index.php\/author\/gmail-com\/"},"uagb_comment_info":0,"uagb_excerpt":"NOT\u00cdCIAS Desfiles Tem\u00e1ticos contam a hist\u00f3ria do mel na avenida Desfiles Tem\u00e1ticos contam a hist\u00f3ria do mel na avenida\u200b O mel sempre foi utilizado como alimento pelo homem, obtido inicialmente de forma extrativa e, muitas vezes, de maneira danosa \u00e0s colmeias. Com o passar dos s\u00e9culos, o homem aprendeu a capturar enxames e instal\u00e1-los em&hellip;","_links":{"self":[{"href":"https:\/\/festimel.com.br\/index.php\/wp-json\/wp\/v2\/pages\/64"}],"collection":[{"href":"https:\/\/festimel.com.br\/index.php\/wp-json\/wp\/v2\/pages"}],"about":[{"href":"https:\/\/festimel.com.br\/index.php\/wp-json\/wp\/v2\/types\/page"}],"author":[{"embeddable":true,"href":"https:\/\/festimel.com.br\/index.php\/wp-json\/wp\/v2\/users\/1"}],"replies":[{"embeddable":true,"href":"https:\/\/festimel.com.br\/index.php\/wp-json\/wp\/v2\/comments?post=64"}],"version-history":[{"count":31,"href":"https:\/\/festimel.com.br\/index.php\/wp-json\/wp\/v2\/pages\/64\/revisions"}],"predecessor-version":[{"id":631,"href":"https:\/\/festimel.com.br\/index.php\/wp-json\/wp\/v2\/pages\/64\/revisions\/631"}],"wp:attachment":[{"href":"https:\/\/festimel.com.br\/index.php\/wp-json\/wp\/v2\/media?parent=64"}],"curies":[{"name":"wp","href":"https:\/\/api.w.org\/{rel}","templated":true}]}}